atest common factor of 228 and 3562272.
228
What is the greatest common divisor of 918 and 18819?
459
What is the highest common divisor of 363693 and 693?
33
Calculate the greatest common factor of 66 and 7388.
2
Calculate the greatest common factor of 110958 and 48.
6
What is the greatest common divisor of 5239 and 43264?
169
Calculate the highest common factor of 331197 and 1908.
159
Calculate the greatest common factor of 87040 and 17.
17
What is the greatest common divisor of 44480 and 470?
10
Calculate the greatest common factor of 371 and 8743.
7
Calculate the greatest common factor of 249 and 5837141.
83
Calculate the greatest common factor of 216 and 4384.
8
What is the greatest common divisor of 1343 and 395?
79
Calculate the greatest common factor of 5123 and 31960.
47
What is the highest common factor of 1703 and 533?
13
What is the greatest common factor of 3378705 and 110?
55
What is the greatest common factor of 16362 and 405?
81
Calculate the highest common factor of 621 and 41193.
207
Calculate the greatest common divisor of 169 and 1781.
13
Calculate the highest common divisor of 5513952 and 192.
96
What is the greatest common divisor of 299064 and 102?
102
What is the greatest common divisor of 590 and 33512?
118
Calculate the greatest common factor of 2668 and 10212.
92
Calculate the greatest common factor of 24 and 125304.
24
Calculate the highest common factor of 852 and 348.
12
Calculate the highest common factor of 192 and 348.
12
What is the highest common factor of 49661 and 848?
53
Calculate the greatest common factor of 10121 and 28967.
349
Calculate the greatest common divisor of 474 and 24408.
6
Calculate the highest common divisor of 6944 and 32.
32
Calculate the greatest common divisor of 2480 and 2500.
20
Calculate the highest common factor of 702 and 49998.
78
Calculate the greatest common divisor of 374612 and 374.
34
Calculate the greatest common divisor of 450 and 27850.
50
Calculate the highest common divisor of 48114 and 363.
33
What is the highest common factor of 32246 and 2668?
46
Calculate the greatest common factor of 546 and 24360.
42
Calculate the highest common factor of 146 and 2476.
2
What is the greatest common divisor of 5133 and 638?
29
Calculate the greatest common factor of 21934 and 2376.
22
Calculate the highest common factor of 480 and 194985.
15
Calculate the highest common factor of 866002 and 123.
41
What is the greatest common divisor of 10054 and 22?
22
Calculate the highest common divisor of 1051954 and 76.
38
What is the highest common divisor of 3107 and 82216?
239
Calculate the highest common divisor of 1071 and 1683.
153
Calculate the highest common factor of 309944 and 152.
8
Calculate the greatest common divisor of 1536 and 29112.
24
Calculate the highest common divisor of 25832 and 664.
8
What is the highest common divisor of 9030284 and 4?
4
Calculate the highest common divisor of 4437 and 218979.
261
Calculate the highest common factor of 5974 and 3502.
206
What is the greatest common factor of 420 and 15165?
15
Calculate the highest common factor of 455 and 5993.
13
Calculate the greatest common divisor of 18684 and 21816.
108
Calculate the greatest common factor of 39606 and 161.
161
Calculate the greatest common factor of 360 and 1570.
10
Calculate the highest common divisor of 60 and 783336.
12
What is the greatest common divisor of 36 and 11046708?
36
What is the highest common factor of 693 and 141309?
63
Calculate the greatest common divisor of 88 and 5764.
44
Calculate the highest common divisor of 264 and 1128.
24
What is the greatest common divisor of 553 and 6873?
79
Calculate the highest common factor of 1837171 and 322.
161
What is the greatest common factor of 2025 and 6399?
81
What is the highest common divisor of 1246 and 56?
14
What is the greatest common divisor of 229 and 12366229?
229
Calculate the highest common factor of 220 and 17083.
11
Calculate the greatest common factor of 369482 and 74.
74
What is the greatest common divisor of 4 and 30538?
2
What is the greatest common factor of 21368 and 776?
8
What is the greatest common divisor of 646 and 50252?
34
Calculate the highest common divisor of 135 and 10305.
45
Calculate the highest common factor of 2195088 and 112.
112
What is the highest common factor of 342 and 24738?
114
What is the highest common factor of 11134 and 18459?
293
Calculate the greatest common divisor of 1404 and 1514448.
468
What is the greatest common factor of 1519 and 20863?
31
What is the highest common factor of 1066 and 8282?
82
Calculate the highest common divisor of 45671 and 872.
109
Calculate the greatest common divisor of 5995 and 49595.
545
What is the highest common divisor of 406846 and 66?
22
Calculate the greatest common divisor of 2365 and 5633.
43
Calculate the greatest common factor of 1 and 898.
1
What is the greatest common factor of 246 and 34850?
82
What is the highest common factor of 5406 and 13674?
318
Calculate the greatest common factor of 4328 and 24.
8
What is the greatest common divisor of 32 and 47072?
32
What is the highest common divisor of 2612 and 149537?
653
Calculate the greatest common factor of 13161 and 4815.
321
Calculate the greatest common divisor of 18681224 and 8.
8
What is the greatest common divisor of 66356 and 53?
53
Calculate the greatest common factor of 17 and 4134893.
17
What is the greatest common factor of 5224772 and 644?
644
Calculate the highest common divisor of 128 and 56216.
8
Calculate the highest common factor of 21984 and 282.
6
What is the highest common divisor of 1374 and 5442?
6
Calculate the greatest common divisor of 30 and 365420.
10
Calculate the greatest common factor of 50 and 114350.
50
What is the greatest common factor of 32 and 779936?
32
What is the greatest common divisor of 1240944 and 9064?
824
What is the highest common factor of 680 and 2106300?
340
What is the highest common factor of 105 and 265605?
15
What is the highest common factor of 267594 and 2472?
618
Calculate the highest common divisor of 46675 and 50.
25
What is the greatest common factor of 107370 and 180?
90
What is the highest common divisor of 6468 and 4356?
132
Calculate the greatest common divisor of 52 and 26390.
26
What is the greatest common factor of 507116 and 16991?
1307
What is the highest common factor of 55580 and 700?
140
What is the highest common divisor of 122 and 228506?
122
Calculate the greatest common factor of 14131 and 164137.
1087
What is the highest common factor of 640 and 114496?
64
Calculate the greatest common factor of 603 and 1273.
67
Calculate the greatest common factor of 1388 and 1817239.
347
Calculate the highest common factor of 140648 and 4.
4
What is the greatest common factor of 2457204 and 2328?
1164
Calculate the highest common divisor of 98599 and 43.
43
What is the greatest common divisor of 7876 and 9416?
44
What is the highest common divisor of 64 and 15192?
8
What is the greatest common factor of 508 and 22987?
127
Calculate the highest common factor of 11830 and 610.
10
What is the highest common factor of 570 and 1303248?
114
Calculate the greatest common factor of 95 and 28082.
19
Calculate the highest common divisor of 1548 and 8358684.
516
Calculate the highest common divisor of 3528 and 41112.
72
What is the highest common factor of 147 and 300125?
49
What is the highest common factor of 6051 and 24?
3
What is the greatest common divisor of 109368 and 62?
62
Calculate the greatest common factor of 716886 and 42.
6
What is the greatest common factor of 352 and 126313?
11
What is the highest common divisor of 4814 and 10208?
58
What is the greatest common divisor of 57870 and 1170?
90
Calculate the highest common divisor of 56 and 138551.
7
What is the highest common divisor of 90112 and 16?
16
What is the highest common divisor of 17696 and 256?
32
Calculate the greatest common factor of 58064 and 2128.
304
Calculate the greatest common divisor of 1876 and 44.
4
Calculate the greatest common divisor of 401688 and 42.
42
Calculate the highest common divisor of 9889 and 377.
29
Calculate the highest common factor of 1232 and 46739.
77
Calculate the greatest common divisor of 40 and 2900.
20
Calculate the highest common divisor 